t are the prime factors of a?
2, 47
Let b(d) = 75*d**2 - 10*d + 66. What are the prime factors of b(26)?
2, 25253
Let i(y) = 192*y**2 + 37*y + 26. What are the prime factors of i(5)?
5011
Let f(k) = k**3 + k**2 + k - 2. Let a(d) = -2*d. Let z = -93 + 91. Let y be a(z). List the prime factors of f(y).
2, 41
Suppose 196*v - 196812 = 160*v. What are the prime factors of v?
7, 11, 71
Let h(p) = p**2 + 23*p - 172. Let o be h(26). Suppose d - 5*d = -3*a - 2215, -2*d = 4*a - o. List the prime factors of d.
7, 79
Let y(m) = 9*m**2 - 6*m + 5. Suppose -26*v + 22*v = -52. Let s(c) = -c + 15. Let u be s(v). What are the prime factors of y(u)?
29
Let g = 2754 - -11606. What are the prime factors of g?
2, 5, 359
Let i(q) = -q**2 + 3*q - 5. Let w be i(3). Let s be 1 - w/(-1) - 25/(-5). What are the prime factors of (s/2*-1)/((-1)/372)?
2, 3, 31
Let u(g) = -g - 13. Let r be u(-19). Suppose 0 = 5*h - 15, 3*b + r*h - 2*h - 771 = 0. Suppose w + 119 = 2*j, 0 = 5*j - j + w - b. List the prime factors of j.
2, 31
Let l(c) = -c**3 - 4*c**2 + 9*c + 7. Let v be l(-7). Let t = v - 77. Suppose 2*n - 134 = t. List the prime factors of n.
2, 37
Let t(w) = 94*w**2 - 71*w - 188. List the prime factors of t(-8).
2, 3, 13, 41
Suppose -21*k - 4*a = -17*k - 106516, -4*k - 3*a + 106514 = 0. List the prime factors of k.
26627
Let u = -229 + 245. What are the prime factors of -1806*(-8)/u + -5?
2, 449
Suppose -76*m + 71*m + 28698 = 3*i, 5*m - 28730 = 5*i. What are the prime factors of m?
2, 3, 11, 29
Suppose -1853641 + 485351 = -77*y. What are the prime factors of y?
2, 5, 1777
Let c = 3821 + -680. What are the prime factors of c?
3, 349
Let f be (-5)/((-267)/(-30) - 9). List the prime factors of (-20)/f + (-5804)/(-10).
2, 5, 29
Suppose 0*l = -2*t - l + 53, 4*t - 107 = -l. Let m(w) = 14*w - 13*w - w**2 - 2 + t*w - 8*w. What are the prime factors of m(16)?
2, 31
Suppose -3*c - 33339 = -3*g, -50*c = -48*c - 2. What are the prime factors of g?
2, 5557
Let v = 88 - 95. Let z(m) = 3*m**2 + 18*m - 17. Let c be z(v). List the prime factors of (c + 8)*(-80)/(-6).
2, 5
Let y = -464 - -589. Suppose y*g - 23452 = 112*g. List the prime factors of g.
2, 11, 41
Let y(b) = -b**3 - 7*b**2 - 6*b + 5. Let u be y(-6). Suppose u*h + 3630 = 16*h. What are the prime factors of h?
2, 3, 5, 11
Let h be (0 - 0)*-1 - -2. Suppose 47 = -h*a + 23. Let j(v) = v**3 + 11*v**2 - 26*v - 7. What are the prime factors of j(a)?
7, 23
Let u be (-6)/(-5)*(-2)/(8/10). What are the prime factors of 1*u/9*(5 - 1271)?
2, 211
Suppose -8*j + 42 = -70. Let v be 136/36 + -4 + j/(-18). What are the prime factors of 0 - (1 + -1 + 12*v)?
2, 3
Suppose 367*f + 355032 = 376*f. What are the prime factors of f?
2, 4931
Let z = 10444 + 1782. List the prime factors of z.
2, 6113
Suppose 4*h - 3*w = 62687 + 34035, -4*w = -2*h + 48376. What are the prime factors of h?
2, 1511
Let l(s) = 2*s**3 - 16*s**2 - 71*s + 18. What are the prime factors of l(14)?
2, 43
Let i be (-1 - -175)*(-1)/(-2). Let q = -1243 - -1194. Let u = i + q. What are the prime factors of u?
2, 19
Let k be 0*(4 - (-55)/(-15)). Suppose k = u - 7*u + 30. Suppose u*r = 216 + 679. List the prime factors of r.
179
Let u(m) = -26*m**2 + 7*m + 11. Let a(b) = -25*b**2 + 7*b + 10. Let l(k) = -4*a(k) + 3*u(k). What are the prime factors of l(-5)?
2, 17
Let h(u) = 26*u**2 + 5*u + 3. Let o(i) = 26*i**2 + 6*i + 2. Let l(y) = -4*h(y) + 3*o(y). Let j be l(-2). List the prime factors of 3 - j - 2 - -2.
109
Let x(a) = -29*a + 4. Let g be x(3). Let w be -3 + 6 + (26*-7 - 1). Let y = g - w. What are the prime factors of y?
97
Let t(u) be the first derivative of u**2/2 - 5*u - 11. Let s be t(3). Let r(k) = -6*k**3 - k**2 - 6*k - 3. List the prime factors of r(s).
53
Let u(k) = 9*k**2 - 25*k - 133. List the prime factors of u(16).
7, 11, 23
Suppose 4*i - 10*l + 11*l = -522, 3*i - 2*l + 408 = 0. Let o(p) = -8*p**2 - 9*p - 5. Let u be o(-6). Let k = i - u. List the prime factors of k.
107
Suppose -x = 3*a - 76697, 2*x + 76718 = -62*a + 65*a. List the prime factors of a.
2, 17, 47
List the prime factors of 6 + -2 + 34849 + -12 + -7.
2, 17417
Suppose -2*r = -5*t - 11, 4 = 5*r + 14. Let k = 6 + 120. What are the prime factors of (-11)/t*14*324/k?
2, 3, 11
Let x be (-2)/(-4)*8*-1. Let u be (-102)/(-30) - x/(-10). Suppose 0 = -n - 3*g + 97, g + 193 = u*n - 118. List the prime factors of n.
103
Suppose -h + 52*o + 17782 = 29*o, -h = 5*o - 17894. List the prime factors of h.
2, 3, 331
Suppose 3*g - 110 = -5*o, 3*o + 1 = -g + 43. Let j be 34 - (1 + 0/(-2)). Suppose g*q + 51 = j*q. List the prime factors of q.
17
Let m = 1109 + -1634. List the prime factors of (12/(-30))/(3/m).
2, 5, 7
Let z(o) = o**3 + 68*o**2 - 255*o - 22. List the prime factors of z(-71).
2, 5, 37
Let s = 19161 + -14915. What are the prime factors of s?
2, 11, 193
Suppose 4*q + 163 = 7. Let f = -36 - q. Suppose 106 = f*h - 200. What are the prime factors of h?
2, 3, 17
Suppose -41*w + 1136160 = -11*w - 3*w. List the prime factors of w.
2, 5, 263
Let m be (5/(-2))/(3/(-6)). Suppose 0 = m*j - o + 19, -11 - 6 = 3*j - 2*o. List the prime factors of j*(-10)/(-45)*(-44 + -1).
2, 3, 5
Let z(r) = 2*r**3 - 4*r**2 - 3*r + 7. Let i = -47 - -51. Let j be z(i). Suppose -q + 81 = -j. List the prime factors of q.
2, 5, 7
Suppose -206 = -5*x + 99. Suppose -373 = -4*d - x. Suppose 6*t + 0*t = d. What are the prime factors of t?
13
Let t(n) = 1013*n**2 + 776*n - 3083. What are the prime factors of t(4)?
16229
Let t = -210 - -102. What are the prime factors of (111/(-12))/(9/t)?
3, 37
List the prime factors of 3221*(48/(-9))/(-2) - 235/(-141).
11, 71
List the prime factors of (-1)/(7/((-210)/(-95)) - 3) - -46684.
2, 23339
Suppose -827076 = 10*f - 27*f - 119910. What are the prime factors of f?
2, 3, 2311
Let i(b) = -1161*b + 194. Let x be i(-3). Let u = x - 2353. List the prime factors of u.
2, 331
Let t(x) = -16*x - 15*x - 15 - 8*x + 43*x. Let f be (-53 + 8)*(-1)/3. List the prime factors of t(f).
3, 5
Suppose 0 = -l - 5*i - 22, 0 = 6*l - 2*l - 5*i - 12. Let t be ((-85)/15)/(l/114). Let p = t - 188. List the prime factors of p.
3, 5
Let u = 19 - 18. Let l(m) = 1 + 0 + u - 60*m + 177*m. What are the prime factors of l(1)?
7, 17
Let d = -200 + 334. Let n = 7 + d. List the prime factors of n.
3, 47
Let b = -137 + 134. Let h(q) = -24*q + 35. List the prime factors of h(b).
107
Suppose -2*i + 1697 = -5*x - 1796, -4*x = 2*i + 2798. Let g = x - -1384. What are the prime factors of g?
5, 137
Let i = -4303 + 13333. List the prime factors of i.
2, 3, 5, 7, 43
Let n = 10568 + -3143. What are the prime factors of n?
3, 5, 11
Let o(b) = -b**2 + 13*b + 27. Let f be o(15). Let z(y) = y**2 - y - 2. Let u be z(f). What are the prime factors of (-132)/u*((-18)/4 + 2)?
3, 11
Let k = 4622 + 19922. What are the prime factors of k?
2, 13, 59
Let w = -60 - -56. List the prime factors of 105 - (-9 + w + 8).
2, 5, 11
Suppose 38*m + 26*m - 800256 = 0. List the prime factors of m.
2, 3, 521
Let g(y) = 1080*y**2 + 32*y - 100. What are the prime factors of g(8)?
2, 3, 23, 251
Let h = 373 + 700. Suppose 1220 = 5*j - m, 5*j - h = -5*m + 147. What are the prime factors of j?
2, 61
Suppose -3*f = p - 2131, 7*f - 3*f + p - 2842 = 0. What are the prime factors of f + (-3 - 0/(-1))?
2, 3, 59
Suppose 2110078 = 80*v + 748958. List the prime factors of v.
2, 47, 181
Let q = 20445 - 8815. What are the prime factors of q?
2, 5, 1163
Let m = -1306 + 3218. List the prime factors of m.
2, 239
Let c(o) = -5*o + 29. Let y be c(-4). Suppose 53*q = y*q + 1684. What are the prime factors of q?
421
Let w be (-462)/24 - 3/4. Let o(f) = -4*f - 9. Let z be o(4). Let g = w - z. List the prime factors of g.
5
Suppose 30*l = 146*l - 2205160. List the prime factors of l.
2, 5, 1901
Suppose 0 = 4*t + w - 13, -5*t - 5*w + 3 = -2. Suppose 2*y - 5*j = -12, -3*j + 18 = y - t*y. Let o(x) = -x**2 - 10*x + 3. List the prime factors of o(y).
3
Let c(l) = -23*l**2 + l - 4. Let h be c(2). Let o = h + 90. Let y(x) = -28*x - 25. List the prime factors of y(o).
3, 29
What are the prime factors of 8948170/946 - (-2)/43?
3, 1051
List the prime factors of (-549)/(-122)*(-82012)/(-21).
2, 3, 29, 101
Let w(q) = q**3 - 21*q**2 + 39*q - 16. Let h be w(19). What are the prime factors of ((-2 - h) + -1)/(2/(-173))?
3, 173
